7.
93
Suppose 26349 = 3*y + 2*i, -110*y - 17585 = -112*y + 5*i. Calculate the highest common divisor of y and 70.
35
Let d(l) = 5*l**2 - 39*l - 206. Let i be d(-4). What is the greatest common factor of i and 11580?
30
Let g be 39 + ((-4)/(2 - 6) - 1 - 5). What is the greatest common divisor of g and 2?
2
Let w(v) = 7 - 2*v**2 + 8*v**2 - 7*v**2 + 9*v + 2*v**2. Let l be w(-8). Let i be l/((-4)/18 + (-30)/(-378)). What is the highest common factor of i and 63?
7
Suppose -560 = -2*h + 4*u, 8*u - 836 = -3*h + 13*u. Let o = h + -250. Calculate the greatest common factor of o and 44.
22
Suppose 34*u - 30*u = 3*c - 2925, -12730 = -13*c - u. Calculate the highest common factor of c and 178.
89
Suppose 42*a = -6*a - 13*a + 26352. What is the greatest common factor of a and 744?
24
Suppose -f - 4*f + g = -61, -39 = -3*f + 3*g. Suppose 5*a = s + 283, f = -3*a - s + 185. What is the greatest common divisor of 19 and a?
19
Let p(x) be the third derivative of x**5/60 - 13*x**4/24 + 91*x**3/3 + x**2 - 42*x. Let a be p(0). What is the greatest common factor of 14 and a?
14
Let f be ((-14)/5 - -3)*0. Suppose 2*t + 2*q + 3*q - 1272 = f, 2*t + 4*q - 1272 = 0. What is the highest common divisor of 12 and t?
12
Let l(v) = v**3 - 6*v**2 + 3*v - 16. Let z be l(7). Suppose d - z = 70. Let o = d + -69. What is the greatest common factor of 5 and o?
5
Let b be 2 + 48/(-20) - (-994)/35. Calculate the highest common factor of 49588 and b.
28
Let t(a) = 6*a - 2. Let m be t(-9). Let q = -22 - m. Let k = q - 25. Calculate the highest common divisor of k and 6.
3
Let l(u) = 3*u**2 - 80*u - 2348. Let q be l(-22). Calculate the highest common factor of q and 128.
32
Let t be (56/90 + (-8)/36)*10. Suppose t*a - 2*k - 1 - 7 = 0, 4 = -5*a - k. Suppose n + 0*n - 42 = a. Calculate the greatest common factor of n and 21.
21
Suppose 3*q + 40080 = 3*j, -3*q + 37278 + 16134 = 4*j. Calculate the highest common factor of 24 and j.
12
Let h = -1305 + 1360. Calculate the highest common divisor of 1562 and h.
11
Let d(b) = -2*b**2 - 4*b**2 + 14*b + 7*b**2 + 9 - 4. Let x be d(-10). Let i = -17 - x. Calculate the highest common factor of 36 and i.
18
Suppose 0 = -80*j + 83*j - 3*l - 348, -5*j + 628 = 3*l. What is the highest common factor of 6649 and j?
61
Let c be 1/((4 + -8)/(-4980)). Calculate the highest common factor of 15 and c.
15
Suppose -12505 = -11*l + 2*l - 6016. Calculate the greatest common divisor of l and 14.
7
Let h = 6 + 0. Let x = 113 + -117. Let z be x/h - 1146/(-18). What is the greatest common divisor of z and 7?
7
Let t = 2962 + -2926. What is the highest common divisor of t and 72?
36
Let p be -26322*110/(-44)*4/15. Calculate the greatest common divisor of 164 and p.
164
Let u = 10752 - 8968. Calculate the greatest common factor of 6 and u.
2
Suppose -916*v + 907*v = -891. Calculate the highest common factor of v and 18.
9
Let o(x) = 319*x - 15848. Let b be o(53). What is the greatest common factor of b and 13061?
353
Let j(g) = 7*g - 5. Let f be j(1). Let k be 5/(-2)*2*5/5. Let p be (6/k)/(4 + 21/(-5)). What is the highest common factor of f and p?
2
Let d be 8/3*126/(-56). Let v = -4 - d. Let f be 92 + (0 - 1) + v. Calculate the highest common factor of 62 and f.
31
Let p = 5118 - 4845. What is the highest common divisor of 351 and p?
39
Let c(t) = -2*t**3 + 87*t**2 - 32*t - 70. Let d be c(40). Calculate the highest common divisor of d and 50.
50
Let b = 9185 - 1496. What is the greatest common factor of b and 33?
33
Suppose 0 = -1317*b + 1307*b + 125370. What is the highest common factor of 63 and b?
63
Suppose -38*f + 86*f - 312 = 40*f. Calculate the greatest common factor of 2951 and f.
13
Let o be (3/(-2))/((-4)/(-872)). Let k = o + 402. What is the highest common divisor of k and 15?
15
Let m be -2*(7 + (-77)/14). Let q be ((-114)/(-133))/(m/(-70)). What is the greatest common factor of 540 and q?
20
Let w = 633 + -648. Let p(x) = -2*x**3 - 30*x**2 - x + 35. Let z be p(w). Calculate the highest common factor of z and 225.
25
Suppose -2178377 = 104*q - 334*q - 341597. What is the greatest common factor of 264 and q?
66
Suppose 2074*m - 2028*m = 16560. What is the greatest common factor of m and 14940?
180
Let u(r) = -r**3 - 6*r**2 + 5*r + 46. Let z(y) = y**2 + y + 1. Let c(m) = -u(m) + 3*z(m). Let n be c(-8). Calculate the greatest common factor of 259 and n.
37
Let m = 61 - 24. Let s be m/2 - (-8)/(-16). Let f = 100 + -55. What is the greatest common divisor of f and s?
9
Let r be 879/2 + 21/14 + -2. Suppose b + 427 = r. What is the highest common factor of 30 and b?
6
Suppose -14 = -5*z - 2*k + 72, k - 19 = -z. Let j be (10 - 18)*(0 - 2). Calculate the highest common divisor of z and j.
16
Let g(j) = j**2 + 138*j + 3384. Let m be g(-30). Calculate the greatest common divisor of 1968 and m.
48
Suppose -8*k + 9*k = 65. Let n be 65*((-38)/(-35) + 76/(-266)). Calculate the highest common factor of n and k.
13
Suppose -3*p = -4*p + 25. Let m = -331 - -371. Calculate the greatest common divisor of m and p.
5
Let l be (180/(-14))/(-3 - (-80)/28). Let r(t) = t**2 - 2*t + 12. Let h be r(8). What is the highest common divisor of l and h?
30
Let h = 7621 - 7556. What is the greatest common factor of 26 and h?
13
Let f(w) = 2*w**3 - 5*w**2 - 158*w + 100. Let k be f(-8). Suppose -5*h + 5413 = -1787. Calculate the greatest common factor of k and h.
20
Suppose -180 = -13*u + 4*u. Suppose -y - 7 = -u. Suppose -b + 26 = -0*b. What is the greatest common divisor of y and b?
13
Suppose -2276 - 1141 = -3*u. Let t = 1382 - u. Suppose -2*w + 54 + 0 = 0. What is the highest common factor of w and t?
27
Let v be (-1 + 3 + 1)/((-48980)/(-2573) + -19). What is the highest common divisor of v and 16019?
83
Let j(b) = -326*b**3 - 32*b**2 - 93*b - 3. Let h be j(-3). What is the greatest common divisor of 30 and h?
30
Let d = -1 + 1. Suppose -4*x = -5*w - 267, w + 67 = x - d*w. Let j be (12138/5474)/((-5)/(-230)). What is the greatest common divisor of x and j?
34
Let l be -4 + 4 + -1 + 3. Suppose 4*j - 14 = 4*p + 38, 4*p = -l*j + 26. What is the greatest common divisor of j and 351?
13
Let j = -53 - -56. Suppose -j - 22 = 5*c. Let v = c + 27. What is the highest common divisor of 154 and v?
22
Let w be (-96)/(-36) - (3*112/(-63) + 6). What is the highest common divisor of 1114 and w?
2
Suppose 0 = 50*j - 16*j - 172176. What is the greatest common factor of 24 and j?
24
Let t be ((-4)/6)/(592/(-72) + 8). Suppose -3*i - 56 = i. Let a be (i - -11)*(-64)/t. Calculate the greatest common factor of a and 16.
16
Let d = -28751 + 29023. What is the greatest common divisor of d and 2768?
16
Suppose -2*z = -3*b - 122, 2*z - 15*b = -7*b + 142. Let g = 15 - 10. What is the highest common divisor of g and z?
5
Let x be 2/6 - (-58)/6. Suppose -19 - 3 = -2*l. Suppose 0 = -6*j + l*j - 50. What is the greatest common divisor of j and x?
10
Let h be (3 + 36/(-15))/((-2)/(-10)). Let m(n) = -n**3 + n + 2. Let f be m(0). Suppose f*x - h*x = -1. What is the highest common divisor of 3 and x?
1
Suppose -4*y = -16, -2*m + 4*y - 3*y - 8 = 0. Let k = -1 - m. Suppose -38*p + 12 = -140. Calculate the greatest common factor of k and p.
1
Let k = 562 - 560. Suppose k*a = a + 112. Calculate the greatest common factor of 14 and a.
14
Suppose 29 - 29 = -4*v. Suppose 5*w + 12 - 37 = v. Suppose -h + 2*h + 228 = w*p, 4*p - 183 = h. Calculate the highest common divisor of 180 and p.
45
Let p be 5232/372 - (-16)/(-248). What is the highest common factor of 1918 and p?
14
Suppose -5*d + 3514 = -116. Suppose -15*o + d = -4*o. What is the greatest common factor of o and 154?
22
Suppose -3*v - 63 = -i - i, -3*v = 9. Suppose 29*s - i*s + 250 = 0. Let z = -34 - s. Calculate the greatest common factor of z and 13.
13
Let v be 138 - ((-2448)/255 - (-9)/15). What is the greatest common factor of 12 and v?
3
Suppose 38*v - 25 = 120 + 159. What is the highest common divisor of 119 and v?
1
Let y = 27822 + -27624. Calculate the highest common factor of y and 954.
18
Let s be ((-252)/98)/(2/(-28)). Let j = -34 + s. Suppose -2*l = j*l + g - 109, 5*l - 132 = 3*g. Calculate the highest common factor of l and 3.
3
Let h(s) = -s**3 + 164*s + 30. Let q be h(-13). Calculate the greatest common divisor of 304 and q.
19
Let z(c) = 4*c - 8. Let 